igit of q?
3
Suppose -259*k - 44081 = -269*k - 12891. What is the units digit of k?
9
Let d(z) = -z**2 + 9*z + 35. Let x be d(-8). Let c = x - -106. Suppose 10 = -c*r, 2*u - 381 = 4*r + 187. What is the tens digit of u?
8
Let a(w) = -6861*w - 211. What is the thousands digit of a(-1)?
6
Let j(n) = -358*n + 8. Let k be j(-13). Suppose 11*r + 3*r - k = 0. What is the units digit of r?
3
Let r(v) = 2*v**3 - 14*v**2 + 200*v - 31. What is the thousands digit of r(17)?
9
Suppose 0 = -64*h + 57*h + 35. Suppose t + 4*d + 664 = 5*t, h*d = -3*t + 466. What is the tens digit of t?
6
Let s(d) = -2414*d - 2163. What is the units digit of s(-19)?
3
Let b be (-16)/8*(73 - 0). Let i = -46 - b. Suppose 0 = d + y - i, d - 399 = -3*d - 3*y. What is the units digit of d?
9
What is the thousands digit of (-12 + (2 - -15))/((-7)/(-61439))?
3
Suppose -8*n + 3*n = -5*g - 35, 3*n - 25 = 4*g. Suppose 2*f + 34 = -3*j, n*j - 2*f + 41 = 3*f. What is the units digit of (-86)/(-7) + (j/21)/2?
2
Let r(t) = -18*t - 112. Let s(h) = -36*h - 225. Let v(x) = 7*r(x) - 3*s(x). What is the hundreds digit of v(-15)?
1
Suppose -46 = 4*m + 2*g, 3*m - m + 2*g = -18. What is the tens digit of (2723/m + 6/4)/(-1)?
9
Suppose -6*u + 10*u = 0. Let m be 6 + (-8)/2 - u. Suppose -m*a = 4*a - 318. What is the units digit of a?
3
Let u(p) = -11*p + 6*p - 5 - 38*p + 25. What is the tens digit of u(-10)?
5
Suppose 0 = -4*r - 3*c + 17, 5*r + 0*c = 3*c + 1. Suppose -h = r*h - 1116. Suppose 18*u - 14*u - h = 0. What is the units digit of u?
3
Let a = 14073 + -8130. What is the units digit of a?
3
Let u be (-117)/(-195) - (-17)/5. Suppose j + 2185 = q + 2*q, 3*q - u*j = 2170. What is the tens digit of q?
3
Let z(d) = -1182*d + 1837. What is the units digit of z(-8)?
3
Let j(p) = 17*p + 5. Let i be j(0). Suppose q + i*x = 930, 0 = -5*q - 8*x + 7*x + 4770. What is the hundreds digit of q?
9
Let c = 167 - 92. Suppose -c*w = -89*w + 6244. What is the units digit of w?
6
Suppose -56*l = -48*l + 232. What is the hundreds digit of (-188)/(-6)*(47 + l)?
5
Suppose 0 = -4*w + 250 + 82. Suppose 5 + 3 = 4*n. Suppose -231 - w = -n*r. What is the hundreds digit of r?
1
Let i(r) = 44*r**2 - 34*r + 37. Let c(u) = 66*u**2 - 51*u + 55. Let l(x) = -5*c(x) + 7*i(x). Let p be l(8). What is the tens digit of p/(-35) - (-2)/10?
3
Suppose -31*m + 9353 = -5992. Let d = 317 - 212. Suppose 0 = -5*i + 5*z + m, -i = -2*i + 4*z + d. What is the tens digit of i?
9
Let r(v) = v + 1. Let g(m) = 5*m + 4. Let k(s) = g(s) - 4*r(s). Let d be k(6). Suppose z - d*u = -2*u + 16, 2*z - 5*u = 29. What is the tens digit of z?
1
Suppose 1 = 4*d - 43. Suppose 205 = -d*x + 12*x. What is the hundreds digit of x?
2
Let x = 89 - 83. What is the units digit of (x - 248)*(-1 - 3)?
8
Let q = 11 + -18. Let d = 5 + q. What is the units digit of d/(-3) + (-2189)/(-33)?
7
What is the hundreds digit of 95492/(1 - -1)*34/68?
8
Suppose 2*r = 3*c + 8306, -10*r - 2*c - 12449 = -13*r. What is the tens digit of r?
4
Let r be 7 + ((-20)/7 - 1/7). Let c be ((-2)/(-3))/((-4)/(-714)*1). Suppose 0 = 6*u - r*u - 4*x - 268, u - c = 5*x. What is the units digit of u?
4
Suppose -38 = -4*s - 34. Let i = s + 3. Suppose 0*o - 25 = -5*o, i*o = -5*k + 285. What is the units digit of k?
3
Let g(c) = -c**2 + 14*c - 7. Let k be g(13). Suppose -k*f - 3*f + 99 = 0. Let m(j) = 2*j + 35. What is the units digit of m(f)?
7
Let m be 96/(-18)*6/(-4). Let j(p) = 29*p + 156. Let v be j(-5). Suppose m*n + 435 = v*n. What is the hundreds digit of n?
1
Let q(z) = 4*z + 1. Let p be q(5). Let y(a) be the third derivative of 7*a**4/24 - 12*a**3 + 20*a**2 - 2*a. What is the units digit of y(p)?
5
Let i = 741 - -64. Suppose -3*t - i = -5*q, -t + 606 + 21 = 4*q. Let m = 342 - q. What is the tens digit of m?
8
Suppose 0 = -3*n + 4*y + 15, n + 2*y = -3*n + 20. Suppose 4*s = -13 + n. What is the tens digit of (-16 + s)/((-2)/8)?
7
Let t(p) = 2847*p - 2909. What is the thousands digit of t(22)?
9
Let m(r) = r**3 - 8*r**2 + 6*r - 49. Let t be m(8). Suppose -3*i + 10 = -5*i. What is the units digit of 134/(-4)*(i - t)?
4
Let i = 0 - 0. Suppose 5*t + 4 = -3*k - 7, i = -k + 2*t + 11. What is the hundreds digit of ((-40)/k)/(36/(-432))?
1
Suppose 5 = -7*j - 37. What is the hundreds digit of 402 + 11 + -5 - j?
4
Suppose 3*l = 12*l + 5013. Let g = -385 - l. Suppose -g = -6*i + 56. What is the tens digit of i?
3
Suppose -3948 + 20568 = 2*g. What is the tens digit of (-11)/((-715)/g) - 4/(-26)?
2
Let j = 1427 + 5255. What is the tens digit of j?
8
Let g = 14 - 104. Let b = -118 - g. What is the units digit of -1 - (-1097)/7 - 8/b?
6
Let d(y) = -82*y - 1228. Let i be d(-15). Let b = 8 + -6. Suppose 0*m - 5*x = b*m - 45, i*m - 42 = -2*x. What is the tens digit of m?
2
Suppose -68 = -9*o - 14. Let w = o + -13. What is the units digit of (-1071)/34*24/w?
8
Suppose -44*s + 39*s - 27925 = -5*k, 5*s + 22343 = 4*k. What is the tens digit of k?
8
Let w = -29868 - -56400. What is the tens digit of w?
3
Suppose 1282*r + 60173 = 2*m + 1285*r, 0 = 2*m - 5*r - 60213. What is the tens digit of m?
9
Let v = -37903 + 66255. What is the hundreds digit of v?
3
Suppose -29 = 5*x - 89. Suppose 576 = 399*j - 367*j. What is the units digit of x/(-54) - (-3172)/j?
6
Let r = -94 - -824. Suppose 10*m - 2380 = -r. What is the units digit of m?
5
What is the thousands digit of (4 - 250/70) + (-609408)/(-28)*1?
1
Let g(q) be the second derivative of -5*q**3/3 - 27*q**2/2 + 42*q. What is the units digit of g(-30)?
3
Let x(c) = -320*c**2 + 10*c - 12. Let v be x(4). Let s = -3544 - v. What is the tens digit of s?
4
Let l be 3 + 1 - ((-2)/1 - -1). Let y be 2 + l/(-3) - (-1675)/15. What is the units digit of y/20*(-180)/(-8)?
6
Let l(z) = 71 - 133*z - 214 + 73 + 67. What is the hundreds digit of l(-5)?
6
Suppose -1042 - 1856 = -6*w. Suppose 2*k = w + 149. What is the units digit of k?
6
Let f be (-5 - (-13)/((-52)/(-24))) + -425. Let v = f - -957. What is the units digit of v?
3
Suppose -9764 = -36*j + 32*j. What is the units digit of j?
1
What is the ten thousands digit of (-218067858)/(-5738) + (-6)/38?
3
Let i = -9412 + 23295. What is the ten thousands digit of i?
1
Let r(j) = -2*j + 309. Let q be r(0). Suppose -6*v + 2*v - 5*h = -1974, -4*v + 1966 = h. Let f = v - q. What is the tens digit of f?
8
Suppose 139155 = 50*q + 101*q - 1118071. What is the units digit of q?
6
Suppose 4*i + 2 = -6. Let n be (i - -4) + -31 + -2. Let a = 28 - n. What is the units digit of a?
9
Let r(z) = -126*z**3 - 7*z**2 - 15*z - 42. What is the tens digit of r(-5)?
0
Let s(y) = y**2 + 5*y - 12. Let b be s(-7). Suppose -12*p + 3474 = b*r - 16*p, p + 3 = 0. What is the tens digit of r?
3
Let d = 429 + -426. Suppose d*h - 1241 = -0*h - 5*j, 0 = 3*h - 4*j - 1232. What is the hundreds digit of h?
4
Suppose 0 = -12127*r + 12130*r - 17121. What is the units digit of r?
7
Let o(k) = -959*k + 1523. What is the tens digit of o(-4)?
5
Let i be (2 + -2)*3/(-9). Let t(l) = 7 + 2*l + 4*l**2 + i - 3*l**2 + 0*l**2. What is the tens digit of t(-10)?
8
Let o(c) = -c**2 - 2*c + 3. Let k be o(-6). Let j be ((-5)/(105/24))/(6/k). What is the tens digit of (2 + (1 - j))/(14/(-1358))?
9
Suppose 30209 + 26120 = 13*o. What is the hundreds digit of o?
3
Let s = 151 + -158. Let m = -242 - -119. Let n = s - m. What is the tens digit of n?
1
Suppose -24 = -6*r - 2*r. Suppose 0 = b - u + 26, u + 103 = -r*b - u. Let a = b + 63. What is the tens digit of a?
3
What is the thousands digit of ((-8843)/4)/(35/(-90)*15/70)?
6
Let x = -27733 + 54803. What is the ten thousands digit of x?
2
Let x(f) = -f + 174. Let o = 51 - 72. What is the units digit of x(o)?
5
Suppose 7*l - 4*l - 15 = 0. Let m(f) = 2*f**3 - 7*f**2 + 14*f - 17. Let y be m(l). Let i = 218 - y. What is the tens digit of i?
9
Let o(r) = 191*r**2 + 3341*r + 37. What is the hundreds digit of o(-28)?
2
Let z be (-2081)/(-2)*(-17)/(17/(-2)). Let m = 3584 - z. What is the units digit of m?
3
Suppose 19*m + 623 = 12*m. Let s be m/(-3)*11/(44/36). Let a = -6 + s. What is the hundreds digit of a?
2
Suppose 102*q - 156544 = 38*q. What is the units digit of q?
6
Let k be (0 - -6)/(3/274). Suppose 0 = q + k - 1857. Suppose -5*z = 2*z - q. What is the units digit of z?
7
Let u(r) = -138*r - 126. Let t be (-57)/15 - (136/(-20) + 7). What is the 